898 + 297 = -l. What is the remainder when l is divided by 76?
70
Suppose -8*b = -15*b + 126. Suppose 3*g - 316 = 14. Let n = g - 4. What is the remainder when n is divided by b?
16
Let t = 1548 + -1509. What is the remainder when t is divided by 15?
9
Let s = 91 + -46. Calculate the remainder when (-40 - -69) + -16 + 164 is divided by s.
42
Let x(s) = s**3 - 12*s**2 + 11*s - 1. Let z be x(11). What is the remainder when 277 is divided by (4 - 11) + 10 - z*17?
17
Suppose -2*m + i + 166 = 0, 7*m - 3*i = 11*m - 312. What is the remainder when 4453 is divided by m?
79
Suppose 5*g - c - 3 = 0, 0*g + 2*g + c = 4. What is the remainder when (26/6)/(g/9) is divided by (10 - (-253)/(-33))/((-2)/(-6))?
4
Let d = -213953 + 213962. Let z(k) = k**3 + 4*k**2 - 7*k - 5. Calculate the remainder when d is divided by z(-5).
4
Let p = -16439 + 16869. What is the remainder when p is divided by 215?
0
Let x(f) = 4*f - 2. Let t be x(1). Let q(d) = d**t - 3 - 3*d + 1 + 5*d - 11. What is the remainder when 108 is divided by q(-7)?
20
Suppose -321 = 2*n - 5*n. What is the remainder when n is divided by 26 - (6*(-1)/(-4))/((-168)/224)?
23
What is the remainder when 82 is divided by (6/(-7))/((-912)/23408)?
16
Suppose 415 + 278 = 77*q. Suppose 0 = -p - 0*p + 375. Calculate the remainder when p is divided by q.
6
Let u(z) = 26*z**2 - 2*z - 2. Let k be u(-2). What is the remainder when 99 is divided by (31 + -32)/((-2)/k)?
46
Suppose -4*y - 87 = -3*z, z - y - 310 = -283. What is the remainder when 208 is divided by z?
19
What is the remainder when (23042/30)/1 + (-255)/3825 is divided by 195?
183
Suppose -22*d + 200 = -2454 - 338. Calculate the remainder when d is divided by 59.
18
Suppose 412*r = 407*r + 175. Calculate the remainder when 155 is divided by r.
15
Suppose -48*m - 444 = -52*m - 5*r, 4*m - 4*r = 480. Suppose -2*c + 105 = c + 3*j, 8 = -4*j. Let w = -20 + c. Calculate the remainder when m is divided by w.
14
Let d = -11905 + 12152. What is the remainder when d is divided by 116?
15
Suppose 0*g + 4*g - 21 = -p, 4*p - 4 = 0. Suppose -x = -g*x + 84. Suppose -4*q - 90 = -h, 2*q + 78 = 2*h - 90. Calculate the remainder when h is divided by x.
19
Suppose -f = -5*q - 1761, -f - q = -1282 - 449. What is the remainder when f is divided by 26?
20
Let n = -11011 - -11018. Let t(b) = -7*b - 2. What is the remainder when t(-3) is divided by n?
5
Suppose 4*i - 6*i - 4*f = -46, i = f + 41. What is the remainder when 254 is divided by i?
9
Let s be 2 + 1 + -3 - (0 + -2). Suppose -s = 2*i - 16. Calculate the remainder when 2 + 14/2 + -2 is divided by i.
0
Suppose 9*y - 5*p = 5*y + 173, 2*p - 124 = -3*y. What is the remainder when 313 is divided by y?
19
Suppose -13*p - 92 = 90. What is the remainder when 1/((-3)/9) - (-44 + 2) is divided by (p/4)/(18/(-72))?
11
Suppose -36 = 17*c - 29*c. Calculate the remainder when 23 is divided by -38*1/(-6) - c/9.
5
Let t(n) = -n + 30. What is the remainder when t(-11) is divided by ((-737)/(-77) - -12) + (-4)/7?
20
Suppose -16 = -4*q, -578 = 2*a - 4*q - 1534. What is the remainder when a is divided by 11?
2
What is the remainder when (-500)/(-375) + 1/(-3)*-599 is divided by 70?
61
Let x = 82 + -87. What is the remainder when x + (-130)/(-25) + (-188)/(-10) is divided by 4?
3
Let u(m) be the second derivative of m**4/12 + 2*m**3 - 102*m**2 + 149*m. What is the remainder when 363 is divided by u(10)?
11
Let l = 860 - 766. Suppose -11*z = -15*z + 96. Calculate the remainder when l is divided by z.
22
Let n = 204 - 145. Suppose 2*k - 1640 = -12*s, -5*k + s + 4559 = 1048. Calculate the remainder when k is divided by n.
57
Let o be -5*3*(-8)/60. What is the remainder when (959/105 - 9) + 1168/15 is divided by (-1 - o)*(-64)/12?
14
Let t(c) = 8*c + 131. Let a = 27 - 26. Let x = 13 - a. Calculate the remainder when t(-9) is divided by x.
11
Let s = -1949 - -1969. What is the remainder when 1777 is divided by s?
17
Suppose -360*a + 1330 = -353*a. Let s = -142 + a. What is the remainder when 141 is divided by s?
45
Suppose -5*b + 9142 - 792 = 5*d, 0 = d - 3*b - 1638. Calculate the remainder when d is divided by 20.
2
Suppose 21 - 45 = -3*z, 0 = 4*y + 5*z - 8084. What is the remainder when y is divided by 287?
2
Suppose -3*h + 1632 = 99*h. Suppose 2*p - 243 = -31. What is the remainder when p is divided by h?
10
Let c(o) = -2*o**3 - 2*o**2 + 207*o - 43. Calculate the remainder when c(-14) is divided by 196.
195
Suppose -12*o + 418 = -1274. Calculate the remainder when o is divided by 42.
15
Suppose -20*z - 5*g = -70 - 90, g - 11 = -z. Calculate the remainder when 1 + -134*3/(-6) is divided by z.
5
Suppose 0 = -8*t + 4*t + 24. Let l(g) = -3*g**2 - 77*g - 38. Let v be l(-25). Suppose -21*n = -17*n - v. Calculate the remainder when t is divided by n.
0
Suppose 2*n - 25986 = -3*y + 7*n, -4*y + 34648 = -n. What is the remainder when y is divided by 12?
10
Suppose 0 = -4*o - 3*a + 140, a + a = -o + 40. Suppose -5*w = -2*w. Suppose w = -v - o + 60. Calculate the remainder when 83 is divided by v.
27
Calculate the remainder when 1 + (-104)/(-13) - -1961 is divided by 115.
15
Let s = -5 - -15. Let f = 2926 - 2838. Calculate the remainder when f is divided by s.
8
Let f = 31 - 34. Let m = f + 21. Let c = m - -3. Calculate the remainder when 82 is divided by c.
19
Suppose -79*r + 15*r = 97*r - 2415. Calculate the remainder when 13859 is divided by r.
14
Let b(w) be the second derivative of 5*w**4/12 - 2*w**3/3 - 5*w. Suppose -470*u + 473*u = 288. Calculate the remainder when u is divided by b(3).
30
Let k = -43 + 58. Suppose k + 5 = -o. What is the remainder when (-253)/(-4) + o/80 is divided by 32?
31
Suppose o - 10 = 251. Suppose -81*c = -1510 - 272. Calculate the remainder when o is divided by c.
19
Suppose -5*w - 1125 = -3*p, -w - 2*p = 189 + 49. Let r = 287 + w. Calculate the remainder when r is divided by -2 + (-3)/(6/(-46)).
17
Let b = -42 - -44. Let k(m) = 17*m**2 + 8 - b + 28*m - 43*m - m**3 + 8. What is the remainder when 117 is divided by k(16)?
27
Let h = -5 + 182. Let j(s) = -9*s - 41. Let u be j(-14). Let y = h - u. What is the remainder when y is divided by 31?
30
Suppose 10 = -3*j - 4*d - 7, -j - 5*d = 24. Calculate the remainder when 91 is divided by (-966)/(-161)*((-26)/(-3) - j).
45
Suppose 0 = -5*k + 4*d + 2139 + 938, 10*k - 6050 = -5*d. Calculate the remainder when k is divided by 113.
44
Let b = -16 - -22. Let u(m) = 2*m**3 - 12*m**2 + 2*m + 7. Calculate the remainder when 302 is divided by u(b).
17
Let m = -31 + 8. Let c = -29 - m. Let z(n) = -7*n - 35. Calculate the remainder when 34 is divided by z(c).
6
Let k(z) = z**3 + 13*z**2 - 16*z - 18. Let u be (-40)/3 + (-6)/9. What is the remainder when 46 is divided by k(u)?
6
Suppose -26*s - 1090 = -2052. What is the remainder when 64 is divided by s?
27
Suppose -12*r - 3*i = -159, 35*r - 31*r = -2*i + 50. Let n(c) = 31*c + 1. What is the remainder when n(4) is divided by r?
13
Let q be (-15)/((-525)/10)*7. Suppose f + q*f = 153. Calculate the remainder when f is divided by 46.
5
Let v = -37 - -69. Calculate the remainder when 116 + 6/(-9)*(-10 + 4) is divided by v.
24
Let s = 12366 - 1199. Calculate the remainder when s is divided by 51.
49
Suppose -5*d = -2*h + 247 - 196, 0 = 5*h - 2*d - 159. What is the remainder when 1432 is divided by h?
13
Let i be (-40)/50*(-115)/2. What is the remainder when 250 is divided by 2/((14/21)/(i/6))?
20
Let j = -21 + 27. Let z be ((-10)/15)/(-2) + 46/j. Suppose w = z*w - 98. Calculate the remainder when 66 is divided by w.
10
What is the remainder when ((-324)/(-96)*2)/(6/80) is divided by 44?
2
Calculate the remainder when 75/(-50) + 98940/40 is divided by 9.
6
Suppose 4*o = -i - 198, 3*i + 4*o + 792 = -i. Calculate the remainder when 525 is divided by ((-5)/(15/i))/(9/12).
85
Suppose 3*l - 131 + 47 = 0. Suppose -3*n + 7 = 1, 4*g + 2*n - 892 = 0. Calculate the remainder when g is divided by l.
26
What is the remainder when (-7112073)/(-3396)*(0 + -1 - -5) is divided by 63?
61
Let v(i) = i**2 - 43*i + 319. Let z be v(36). Suppose -z + 330 = w. What is the remainder when w is divided by 33?
32
Let t(y) = -y**3 - 13*y**2 - 31*y + 3. Suppose 490 = -2*o + 7*o. Suppose r = -r + o. What is the remainder when r is divided by t(-10)?
10
Let g = -259 + 259. Su